and 76530.
5102
What is the highest common factor of 808741206 and 7254?
7254
What is the highest common factor of 155210400 and 6300?
900
Calculate the highest common divisor of 2870 and 55760082.
574
What is the greatest common divisor of 96746370 and 60?
30
Calculate the highest common factor of 374 and 3579605.
17
Calculate the greatest common divisor of 1491294 and 294.
42
Calculate the greatest common divisor of 10311514 and 3236.
1618
Calculate the highest common divisor of 5243259 and 741.
57
Calculate the highest common factor of 16848733 and 70884.
1969
Calculate the highest common factor of 1011412 and 1341.
149
What is the highest common divisor of 179305 and 235?
235
Calculate the greatest common factor of 1834 and 224938.
14
What is the highest common factor of 141585 and 14825?
5
What is the greatest common factor of 1517776 and 598?
26
What is the highest common factor of 261139 and 387?
43
Calculate the greatest common factor of 5493760 and 8140.
740
Calculate the highest common divisor of 3181792 and 23840.
32
Calculate the highest common divisor of 2501743 and 13203149.
8903
Calculate the greatest common divisor of 1128 and 371976.
24
What is the greatest common factor of 15878 and 54264?
34
Calculate the highest common factor of 48668 and 4358684.
92
Calculate the greatest common divisor of 34090920 and 5160.
120
Calculate the highest common factor of 32558633 and 82.
41
What is the highest common divisor of 8 and 519638048?
8
Calculate the highest common factor of 86682 and 6906.
6
Calculate the greatest common factor of 6677489 and 13.
13
What is the highest common factor of 256544 and 1024?
32
What is the greatest common factor of 3076 and 94784633?
769
Calculate the highest common factor of 12427186 and 22.
2
Calculate the highest common divisor of 244330379 and 241.
241
What is the greatest common factor of 5875345 and 2135?
35
Calculate the greatest common factor of 2970 and 113749515.
1485
What is the greatest common factor of 34551528 and 11?
11
Calculate the greatest common factor of 5246785 and 35705.
185
What is the greatest common factor of 18840 and 16077585?
2355
Calculate the highest common factor of 93906270 and 15.
15
Calculate the greatest common factor of 2925 and 254943.
117
Calculate the greatest common divisor of 35943570 and 25740.
1170
Calculate the highest common factor of 14405 and 143493967.
2881
What is the greatest common divisor of 117468 and 3666?
78
What is the greatest common factor of 21358 and 2941386?
118
What is the highest common factor of 177354 and 2156922?
1062
Calculate the highest common factor of 11364 and 183683908.
3788
What is the greatest common factor of 11014 and 1972?
2
What is the greatest common factor of 2450 and 305050?
50
Calculate the highest common divisor of 3725 and 3764485.
745
What is the greatest common divisor of 10710 and 389163915?
5355
What is the highest common divisor of 325 and 217301175?
325
Calculate the greatest common factor of 926 and 31442793.
463
Calculate the greatest common divisor of 151426061 and 1642.
821
What is the highest common divisor of 5172 and 33761092?
1724
What is the greatest common divisor of 2517914 and 2254?
98
What is the greatest common factor of 146223 and 206591?
77
Calculate the highest common factor of 274118 and 16562.
338
What is the highest common divisor of 250 and 32186060?
10
Calculate the greatest common divisor of 2579962 and 42350.
1694
What is the greatest common divisor of 14684011 and 452?
113
What is the highest common divisor of 113205790 and 3880?
970
What is the highest common factor of 924268 and 916?
4
Calculate the highest common divisor of 2763036 and 972.
36
Calculate the greatest common factor of 997512 and 32040.
2136
Calculate the greatest common factor of 1832 and 128936.
8
Calculate the highest common divisor of 2320 and 174565.
5
Calculate the greatest common factor of 13872 and 15357.
3
Calculate the greatest common factor of 127063794 and 1287.
429
What is the greatest common factor of 19165472 and 96?
32
What is the greatest common factor of 10106521 and 1639?
149
What is the greatest common factor of 66 and 92192727?
33
Calculate the highest common divisor of 44888 and 3911084.
124
What is the greatest common divisor of 827114 and 644?
2
What is the greatest common divisor of 72 and 4279806?
18
Calculate the greatest common divisor of 6899092 and 516.
172
Calculate the highest common divisor of 14273875 and 56.
7
What is the greatest common divisor of 163307298 and 28?
14
What is the greatest common divisor of 27500 and 109247500?
2500
Calculate the highest common factor of 252 and 111613446.
126
Calculate the greatest common divisor of 424 and 10680824.
8
What is the highest common divisor of 7967 and 9257911?
257
Calculate the highest common divisor of 657 and 4650319.
73
Calculate the highest common divisor of 2753552 and 96.
16
What is the highest common divisor of 512964 and 9812?
4
Calculate the greatest common factor of 2062 and 758822186.
2062
What is the highest common factor of 3760715 and 336?
7
Calculate the greatest common factor of 5084584 and 227600.
4552
What is the greatest common factor of 547019 and 737?
11
Calculate the greatest common divisor of 536375070 and 441.
441
Calculate the greatest common factor of 678 and 33431389.
113
Calculate the highest common factor of 14600 and 22873600.
200
Calculate the highest common factor of 15 and 3808065.
15
Calculate the highest common divisor of 42732 and 662544.
36
What is the greatest common factor of 614 and 16827591?
307
Calculate the highest common divisor of 29260 and 26985.
35
Calculate the greatest common factor of 1128 and 48404.
4
Calculate the highest common factor of 2000 and 216507400.
200
Calculate the greatest common factor of 62952 and 51057.
183
What is the highest common divisor of 23 and 76361?
1
What is the highest common factor of 96 and 10735644?
12
Calculate the greatest common factor of 80 and 64830944.
16
Calculate the highest common divisor of 18095 and 336945.
35
What is the greatest common factor of 7928238 and 125133?
2361
Calculate the greatest common factor of 542682103 and 4478.
2239
What is the highest common divisor of 140 and 22802540?
20
What is the greatest common factor of 28902 and 179526?
6
What is the greatest common divisor of 1161 and 21951?
27
What is the greatest common factor of 668 and 202834860?
668
Calculate the highest common divisor of 13098242 and 376.
94
Calculate the greatest common factor of 1660358 and 238.
14
Calculate the highest common divisor of 42377747 and 172.
43
What is the highest common factor of 30770 and 25500?
170
What is the greatest common factor of 70272 and 935304?
24
What is the highest common factor of 799 and 462893?
17
Calculate the highest common factor of 5863 and 14369147.
533
What is the highest common divisor of 1243030 and 1150?
10
What is the greatest common divisor of 211733691 and 51?
51
Calculate the greatest common divisor of 53994283 and 301.
301
Calculate the greatest common divisor of 10084230 and 585.
585
Calculate the greatest common factor of 592 and 2371952.
16
Calculate the greatest common factor of 846924 and 1716.
156
What is the greatest common divisor of 27 and 170409?
3
What is the highest common factor of 16653938 and 70?
14
Calculate the highest common divisor of 35912522 and 736.
46
What is the highest common divisor of 1421 and 10533922?
49
Calculate the greatest common factor of 2244 and 54747.
33
Calculate the greatest common divisor of 171 and 2789877.
3
Calculate the greatest common divisor of 2062984 and 616.
616
What is the highest common divisor of 189965140 and 3740?
340
What is the highest common divisor of 60 and 91194150?
30
What is the highest common factor of 43864644 and 645?
129
What is the highest common factor of 15978265 and 370?
185
What is the greatest common divisor of 10958 and 137911909?
5479
Calculate the greatest common factor of 62023 and 1262261.
169
What is the greatest common factor of 15222 and 555062619?
7611
Calculate the highest common divisor of 9669525 and 375.
75
What is the greatest common factor of 30990 and 82159655?
5165
What is the highest common divisor of 5194875 and 750?
375
Calcu